 u - 2. Suppose 2*d = 4*x - 6, -21 = 684*x - 687*x - 4*d. Determine a(x).
1
Let p be 8 - -6 - (0 + (-2 - -7)). Let m(u) = u**3 - 8*u**2 - 10*u + 6. What is m(p)?
-3
Let q(p) = -12*p**3 + 145*p**2 - 13*p + 12. Let t be q(12). Let j(g) be the first derivative of g**3/3 - g**2/2 - 23*g + 1. Determine j(t).
-23
Let k(s) = 461*s + 5 + 2 - 473*s. Determine k(2).
-17
Suppose 2*w = 5*v - 43, 2*v - 2*w = -4*w + 6. Let s(z) = -10*z - 1 + 0 - 3*z + v*z. Give s(-3).
17
Let z(d) = 2*d - 1 - d + 21*d - 10*d. Give z(1).
11
Let m(s) be the third derivative of s**6/120 + s**5/15 - s**4/24 - s**3/6 + s**2. Let h be (-74)/(-6) + (-4)/12. Let q be (h/15)/((-3)/15). Determine m(q).
3
Let i(u) = -4*u + 5. Suppose 0 = -3*y - 4*z + 3, 3*y - 50 = 2*z - 29. Determine i(y).
-15
Let z(p) = 10*p. Let h(q) = 10*q. Let a(d) = 6*h(d) - 5*z(d). Suppose 0 = 4*g - 5*c - 23, 2*g - 2*c = -5*c - 5. Suppose -l + g = l. What is a(l)?
10
Let v = -22 + 29. Suppose 3*g + 28 = v*g. Let i be (-54)/36 + g/2. Let m(o) = -o**2 + 3*o + 2. What is m(i)?
4
Let t(n) = -6 - 133*n + 65*n + 69*n. Give t(-6).
-12
Let j(p) = -41*p - 130. Let r be j(-3). Let w(b) = b + 4. Determine w(r).
-3
Let f(i) = i**3 - i**2 - i - 1. Let u(g) = g**3 - 2*g**2 - 3*g - 7. Let m be (-1)/3*(8 - 2). Let x(k) = m*f(k) + u(k). What is x(0)?
-5
Let m(b) = b**2 + 6*b - 4. Let h(z) be the second derivative of z**4/12 - 11*z**3/6 + 11*z**2/2 - z. Let f = 1056 + -1047. Let y be h(f). Give m(y).
3
Let w(v) be the second derivative of -v**6/120 - v**5/12 - v**4/12 + 2*v**3/3 + 8*v**2 - 4*v. Let p(j) be the first derivative of w(j). Give p(-4).
-4
Suppose 0 = s + 3*s - 4*k, 0 = -s + 2*k - 2. Let r(h) = s*h + 1 + 1 - 4 - 4*h. Give r(-4).
6
Let u = -20 + 17. Let r(q) be the third derivative of q**7/2520 + q**6/240 - q**5/60 + q**4/12 + 3*q**2. Let m(b) be the second derivative of r(b). Give m(u).
-2
Let g(u) = -u**3 - 6*u**2 - 6*u - 5. Let x = -16 + 23. Let w = 3 - x. Give g(w).
-13
Let v be (6 + -2)*1/4. Let f = v - 1. Let z(i) = 9*i. Let o(r) = -20*r - 2. Let y(k) = 4*o(k) + 9*z(k). Determine y(f).
-8
Let m(y) = y**2 + 2*y - 1. Suppose 0 = 11*c - 0 - 0. Suppose 13 = l + 3*v, 4*l + 5*v - 17 - 7 = c. What is m(l)?
2
Let z(t) be the first derivative of t**4/4 + 3*t**3 - t**2/2 + t + 21. Give z(-9).
10
Let d(l) = -l**3 + 5*l**2 - 3*l + 4. Suppose 0 = -3*j + 9*k - 7*k + 4, 3*j = -k + 16. What is d(j)?
8
Let h(a) = a**3 + 1. Suppose -w = -0*w - 2*x - 12, -3*w = -5*x - 34. Suppose -4*q + d + 3*d = w, 0 = -q + 5*d - 18. Suppose -q*g = -5*g. Give h(g).
1
Suppose -g = -5*d + 22, 19 + 9 = 5*d + g. Let f(z) = -d + 0*z - 2*z + z**2 + 3*z. Give f(0).
-5
Suppose 2*f + 8 = -2*h, -4*f + 5*f = 4*h - 4. Let q = 4 + f. Let y(u) be the first derivative of -u**2/2 - 5*u + 73. Calculate y(q).
-5
Let m(p) = -21*p - 39. Let h(s) = s - s - 2*s + 6*s + 8. Let n(o) = 11*h(o) + 2*m(o). Give n(-7).
-4
Let p(o) be the second derivative of -o**3/2 + 4*o**2 - 15*o + 4. Determine p(-8).
32
Let s(r) = -19*r + 265. Let t be s(14). Let z(j) = -j**2 + 2*j + 1. Give z(t).
-2
Let z = -4 - -6. Suppose z*g + 2*g + 9 = 3*l, -3*l = -9. Let r(q) = -q**3 + 3*q**2 - 8*q + 1. Let f(t) = t**2 - 4*t. Let a(b) = -2*f(b) + r(b). Determine a(g).
1
Let z(s) = s**3 + 9*s**2 + 7*s + 8. Suppose -c + 299 = 306. Determine z(c).
57
Let j(y) be the third derivative of -5*y**4/24 + y**3/2 - y**2. Let h(q) = -q**2 + 8*q - 10. Let s be h(6). Determine j(s).
-7
Let p(g) be the first derivative of 3*g**2 + 2. Let v be p(-1). Let f(d) = 13*d - 50*d + 14*d + 20*d - 8. What is f(v)?
10
Let x(s) = s**2 + 23*s + 12. Let l(w) = -21*w**2 - 99*w + 98. Let a be l(1). Calculate x(a).
-10
Let g(t) be the first derivative of -t**2 + 39*t + 69. Calculate g(18).
3
Let c(y) = -2*y - 2. Let u be c(-2). Let g(i) be the second derivative of 0 + 33*i + 0*i**3 + 1/20*i**5 - 1/2*i**2 + 0*i**4. Give g(u).
7
Let u(f) = -2*f + 11. Suppose -3*j + 5 = 11, -5*g = -j - 42. Calculate u(g).
-5
Let p(b) = 19*b**2 + 2 + 3 - 6 - 45*b**2 - 3*b + 25*b**2. Calculate p(-3).
-1
Let i(f) = -2*f - 7. Suppose 64*z = 71*z + 42. Determine i(z).
5
Let i(p) = -p**2 - 5*p + 5. Suppose 9 = -h + 3*h + 5*o, 5*h - 4*o = 6. Let y be ((-6)/3 - -3) + 0 + 3. Suppose -y*m - 10 = -h*m. What is i(m)?
5
Let a be (-323)/(-4) - 2/(-8). Let s(y) = -y + 81 - a. Determine s(-3).
3
Let h(s) = -3*s + 36. Let w be 2/11 + (-3)/((-396)/2220). Determine h(w).
-15
Let g(i) = i**2 + i. Suppose w + 3 - 9 = 0. Let p be (1 + 0)/((-6)/w). Give g(p).
0
Suppose 2*h + h - 15 = 4*v, 4*v - 15 = -3*h. Let n(z) = z**3 - 2*z - 5. Give n(v).
-5
Let f(h) = -h**2 - 1494*h + 2*h**2 + 1504*h + 1. Determine f(-11).
12
Let i be (-2)/4*-5*2. Suppose -3*t + 8 + 1 = 0. Let y(a) = 5 + a - t - 6. Give y(i).
1
Let y(a) = -a**3 + 2*a**2 - 2. Let b(r) = -5*r**3 + 2*r**2 - 8*r. Let p(w) = b(w) - 4*y(w). Calculate p(-4).
8
Let y be (1 + 1)/((-6)/9). Let w(i) = -117 + 8*i + 124 - 3*i. Let f(r) = 6*r + 8. Let c(b) = -3*f(b) + 4*w(b). Determine c(y).
-2
Let v(n) = 1 - 122*n - 2 + 18 + 121*n. Calculate v(10).
7
Let w be 5/1 + (-3)/((-15)/(-10)). Let f(g) = 2*g**2 - 3*g - 3. Let m be f(w). Let v(u) = -3*u - 2. Determine v(m).
-20
Let n(j) = -j**2 - 5*j + 7. Suppose 6*b = 4*b - s - 13, -3*s = 5*b + 34. Give n(b).
7
Let w(d) = -5 - 7 + 12 - 1 - 5*d**2. Let v(r) = r**2 + 1. Let f(j) = 4*v(j) + w(j). Calculate f(-3).
-6
Suppose 13*w + 87 = 9. Let d(c) = -2*c - 14. What is d(w)?
-2
Let k be 132/(-18) + (-1)/(-3). Let f(w) = w**2 + 8*w - 6. Determine f(k).
-13
Let v(q) = q - 7. Let x(a) = 1. Let g be (1 - 15/20)*4. Let d(w) = g*v(w) - 2*x(w). Give d(4).
-5
Let g be ((-2)/3)/((-2)/12). Suppose -20 + 4 = 3*c - 5*v, -29 = -3*c - g*v. Let l(i) = i + 3. Let y(p) = 3*p + 5. Let m(h) = 5*l(h) - 2*y(h). Give m(c).
2
Let y(k) = k**3 - 12*k**2 - 3*k + 8. Let m(q) = 3*q**3 - 37*q**2 - 10*q + 26. Let w(v) = -2*m(v) + 7*y(v). Determine w(10).
-6
Let c(q) be the second derivative of q**7/840 - 7*q**6/360 + 3*q**5/40 - q**4/12 - 3*q**3/2 + 6*q. Let v(n) be the second derivative of c(n). What is v(6)?
16
Suppose 0 = -8*g - 6*g. Let j(l) = -l**3 - l**2 - 4. What is j(g)?
-4
Suppose -4 = -2*k - 10. Suppose -2 = -17*f + 19*f. Let d(u) = u**3 - u + 1. Let b(p) = -2*p**3 + 6*p**2 + 3*p + 1. Let q(l) = f*b(l) + k*d(l). What is q(-6)?
-4
Suppose y - 2*r - 12 = -4*r, -5*y - 4*r + 30 = 0. Let l(g) = -12*g**2 - 8*g + 26. Let q(t) = -4*t**2 - 3*t + 10. Let f(z) = 3*l(z) - 8*q(z). Give f(y).
-18
Let k(r) = -5 + 0*r + r**2 + 5*r + r. Suppose -4*f - 94 = -2*o, -2*o + 7*o + 4*f = 305. Suppose 0 = 8*c - 9 + o. Calculate k(c).
-5
Let t(f) = -f**3 - 24*f**2 - 17*f + 132. Let c be t(-23). Let u(z) = z**2 + 6*z - 7. Calculate u(c).
-7
Suppose 4*n = 32 - 20. Let w(v) = 5 - v + n - 2. Let u = -4 - -4. Calculate w(u).
6
Let h be -7*(5 - (-156)/(-28)). Let l(a) = a**2 - 5*a + 5. What is l(h)?
1
Let g(j) = j**3 - 8*j**2 + 7*j - 6. Let k(d) = 2*d - 20 + 3*d + 22. Let r be k(1). Determine g(r).
-6
Let m = 44 + -85. Let g = m + 38. Let y(t) = -t**3 - 2*t**2 + t - 2. Calculate y(g).
4
Let o(l) = -17*l**2 + 30*l**2 + 1 - 1. Suppose -3*i = -4*i + 1. Determine o(i).
13
Let v(i) = 4*i - 2. Let g be (-8)/36 - (9 + (-444)/54). Calculate v(g).
-6
Let i be 0/(0 + 3) + (-24 - -3). Let q(v) = v + 17. Let z be q(i). Let p(m) = m**2 + 3*m - 2. Calculate p(z).
2
Let g(t) = -8*t + 6. Let v be 365/30 + -7 + 2/(-12). What is g(v)?
-34
Let u(y) = y**3 + 0*y + 3*y + 7*y - y + 9*y**2. Calculate u(-8).
-8
Let g(y) be the first derivative of y**4/4 + 2*y**3/3 - 2*y**2 + 2*y + 47. Give g(2).
10
Let g(f) = -f**2 - 6*f - 1. Suppose 23*t - 12 = 20*t. Suppose 2*q + 16 = 2*u, u - t*u = q. Determine g(q).
-1
Let u(g) = -5*g**2 + 38*g + 18. Let f be u(8). Let v(q) = q + q - q**2 + q. What is v(f)?
2
Let l(r) = -10 - 2*r + 31 - 7 - 5. Calculate l(10).
-11
Let v(l) = 4*l**2 - 5*l + 7. Let g(o) = 3*o**2 - 5*o + 7. Let z(d) = 3*g(d) - 2*v(d). Calculate z(2).
1
Let t(z) = z + 6. Let g(w) = 10*w + 55. Let d(b) = -6*g(b) + 55*t(b). Give d(-2).
10
Let r(b) be the second derivative of b**3/6 + b**2 - 69*b. Give r(-4).
-2
Suppose -100 = -11*v + 43. Let o(a) = a**3 - 13*a**2 + 2*a - 2. Calculate o(v).
24
Let s(h) = -2*h**2 + 34*h + 43. Let r be s(18). Let i(b) = -b**3 + 7*b**2 + 2*b - 13. Determine i(r).
1
Let t(o) = o - 5. Let r = -20 + 23. Let s(z) = z**2 + z - 8. Let u be s(r)